{"id":779,"date":"2019-02-14T15:20:35","date_gmt":"2019-02-14T14:20:35","guid":{"rendered":"http:\/\/www.kobido-laure-massages.fr\/?page_id=779"},"modified":"2025-12-02T21:53:34","modified_gmt":"2025-12-02T20:53:34","slug":"opalys","status":"publish","type":"page","link":"https:\/\/www.kobido-laure-massages.fr\/index.php\/opalys\/","title":{"rendered":"OPALYS"},"content":{"rendered":"<div id=\"pl-779\"  class=\"panel-layout\" ><div id=\"pg-779-0\"  class=\"panel-grid panel-no-style\" ><div id=\"pgc-779-0-0\"  class=\"panel-grid-cell\" ><\/div><\/div><div id=\"pg-779-1\"  class=\"panel-grid panel-no-style\" ><div id=\"pgc-779-1-0\"  class=\"panel-grid-cell\" ><div id=\"panel-779-1-0-0\" class=\"so-panel widget widget_sow-image panel-first-child\" data-index=\"1\" ><div\n\t\t\t\n\t\t\tclass=\"so-widget-sow-image so-widget-sow-image-default-8b5b6f678277-779\"\n\t\t\t\n\t\t><h3 class=\"widget-title\">NOUVEAU! retrouvez la boutique OPALYS \u00e0 CHATEL GUYON 7 place Brosson<\/h3>\n<div class=\"sow-image-container\">\n\t\t<img \n\tsrc=\"https:\/\/www.kobido-laure-massages.fr\/wp-content\/uploads\/2020\/07\/DSC02748.jpg\" width=\"3354\" height=\"1890\" srcset=\"https:\/\/www.kobido-laure-massages.fr\/wp-content\/uploads\/2020\/07\/DSC02748.jpg 3354w, https:\/\/www.kobido-laure-massages.fr\/wp-content\/uploads\/2020\/07\/DSC02748-300x169.jpg 300w, https:\/\/www.kobido-laure-massages.fr\/wp-content\/uploads\/2020\/07\/DSC02748-768x433.jpg 768w, https:\/\/www.kobido-laure-massages.fr\/wp-content\/uploads\/2020\/07\/DSC02748-1024x577.jpg 1024w, https:\/\/www.kobido-laure-massages.fr\/wp-content\/uploads\/2020\/07\/DSC02748-520x293.jpg 520w, https:\/\/www.kobido-laure-massages.fr\/wp-content\/uploads\/2020\/07\/DSC02748-740x417.jpg 740w\" sizes=\"(max-width: 3354px) 100vw, 3354px\" title=\"NOUVEAU! retrouvez la boutique OPALYS \u00e0 CHATEL GUYON 7 place Brosson\" alt=\"ouverture les jeudi , vendredi et samedi apr\u00e8s midi, dimanche matin\" \t\tclass=\"so-widget-image\"\/>\n\t<\/div>\n\n<\/div><\/div><div id=\"panel-779-1-0-1\" class=\"so-panel widget widget_sow-editor panel-last-child\" data-index=\"2\" ><div\n\t\t\t\n\t\t\tclass=\"so-widget-sow-editor so-widget-sow-editor-base\"\n\t\t\t\n\t\t><h3 class=\"widget-title\">HORAIRES D'OUVETURE<\/h3>\n<div class=\"siteorigin-widget-tinymce textwidget\">\n\t<p><strong><span style=\"color: #800000;\">JEUDI : 15h30 - 19h00\u00a0<img loading=\"lazy\" decoding=\"async\" class=\"wp-image-850 alignright\" src=\"http:\/\/www.kobido-laure-massages.fr\/wp-content\/uploads\/2019\/02\/logo-opalys-relief-546x1024.jpg\" alt=\"\" width=\"170\" height=\"318\" \/><\/span><\/strong><\/p>\n<p><strong><span style=\"color: #800000;\">VENDREDI : 15h30 - 19h00\u00a0\u00a0<\/span><\/strong><\/p>\n<p><strong><span style=\"color: #800000;\">SAMEDI : 14h - 19h<\/span><\/strong><\/p>\n<p><strong><span style=\"color: #800000;\">DIMANCHE : 9h30 - 12h30<\/span><\/strong><\/p>\n<\/div>\n<\/div><\/div><\/div><div id=\"pgc-779-1-1\"  class=\"panel-grid-cell\" ><div id=\"panel-779-1-1-0\" class=\"so-panel widget widget_sow-image panel-first-child\" data-index=\"3\" ><div\n\t\t\t\n\t\t\tclass=\"so-widget-sow-image so-widget-sow-image-default-8b5b6f678277-779\"\n\t\t\t\n\t\t><h3 class=\"widget-title\">\u00e0 l'espace \"SENS ET CONSCIENCE\"<\/h3>\n<div class=\"sow-image-container\">\n\t\t<img \n\tsrc=\"https:\/\/www.kobido-laure-massages.fr\/wp-content\/uploads\/2020\/07\/SIGNATURE-ALOR.jpg\" width=\"2343\" height=\"1516\" srcset=\"https:\/\/www.kobido-laure-massages.fr\/wp-content\/uploads\/2020\/07\/SIGNATURE-ALOR.jpg 2343w, https:\/\/www.kobido-laure-massages.fr\/wp-content\/uploads\/2020\/07\/SIGNATURE-ALOR-300x194.jpg 300w, https:\/\/www.kobido-laure-massages.fr\/wp-content\/uploads\/2020\/07\/SIGNATURE-ALOR-768x497.jpg 768w, https:\/\/www.kobido-laure-massages.fr\/wp-content\/uploads\/2020\/07\/SIGNATURE-ALOR-1024x663.jpg 1024w, https:\/\/www.kobido-laure-massages.fr\/wp-content\/uploads\/2020\/07\/SIGNATURE-ALOR-520x336.jpg 520w, https:\/\/www.kobido-laure-massages.fr\/wp-content\/uploads\/2020\/07\/SIGNATURE-ALOR-740x479.jpg 740w\" sizes=\"(max-width: 2343px) 100vw, 2343px\" title=\"\u00e0 l&#039;espace &quot;SENS ET CONSCIENCE&quot;\" alt=\"\" \t\tclass=\"so-widget-image\"\/>\n\t<\/div>\n\n<\/div><\/div><div id=\"panel-779-1-1-1\" class=\"so-panel widget widget_sow-editor panel-last-child\" data-index=\"4\" ><div\n\t\t\t\n\t\t\tclass=\"so-widget-sow-editor so-widget-sow-editor-base\"\n\t\t\t\n\t\t><h3 class=\"widget-title\">fluorite jaune <\/h3>\n<div class=\"siteorigin-widget-tinymce textwidget\">\n\t<p><img loading=\"lazy\" decoding=\"async\" class=\"alignnone  wp-image-1349\" src=\"http:\/\/www.kobido-laure-massages.fr\/wp-content\/uploads\/2020\/07\/IMG_20200622_132629-768x1024.jpg\" alt=\"\" width=\"235\" height=\"314\" srcset=\"https:\/\/www.kobido-laure-massages.fr\/wp-content\/uploads\/2020\/07\/IMG_20200622_132629-768x1024.jpg 768w, https:\/\/www.kobido-laure-massages.fr\/wp-content\/uploads\/2020\/07\/IMG_20200622_132629-225x300.jpg 225w, https:\/\/www.kobido-laure-massages.fr\/wp-content\/uploads\/2020\/07\/IMG_20200622_132629-520x693.jpg 520w, https:\/\/www.kobido-laure-massages.fr\/wp-content\/uploads\/2020\/07\/IMG_20200622_132629-740x987.jpg 740w\" sizes=\"auto, (max-width: 235px) 100vw, 235px\" \/><\/p>\n<\/div>\n<\/div><\/div><\/div><div id=\"pgc-779-1-2\"  class=\"panel-grid-cell\" ><div id=\"panel-779-1-2-0\" class=\"so-panel widget widget_sow-image panel-first-child\" data-index=\"5\" ><div\n\t\t\t\n\t\t\tclass=\"so-widget-sow-image so-widget-sow-image-default-8b5b6f678277-779\"\n\t\t\t\n\t\t><h3 class=\"widget-title\">nouvelles cr\u00e9ations m\u00e9tal et pierres<\/h3>\n<div class=\"sow-image-container\">\n\t\t<img \n\tsrc=\"https:\/\/www.kobido-laure-massages.fr\/wp-content\/uploads\/2020\/07\/IMG_20200625_001515-225x300.jpg\" width=\"225\" height=\"300\" srcset=\"https:\/\/www.kobido-laure-massages.fr\/wp-content\/uploads\/2020\/07\/IMG_20200625_001515-225x300.jpg 225w, https:\/\/www.kobido-laure-massages.fr\/wp-content\/uploads\/2020\/07\/IMG_20200625_001515-768x1024.jpg 768w, https:\/\/www.kobido-laure-massages.fr\/wp-content\/uploads\/2020\/07\/IMG_20200625_001515-520x693.jpg 520w, https:\/\/www.kobido-laure-massages.fr\/wp-content\/uploads\/2020\/07\/IMG_20200625_001515-740x987.jpg 740w\" sizes=\"(max-width: 225px) 100vw, 225px\" title=\"nouvelles cr\u00e9ations m\u00e9tal et pierres\" alt=\"\" \t\tclass=\"so-widget-image\"\/>\n\t<\/div>\n\n<\/div><\/div><div id=\"panel-779-1-2-1\" class=\"so-panel widget widget_sow-editor panel-last-child\" data-index=\"6\" ><div\n\t\t\t\n\t\t\tclass=\"so-widget-sow-editor so-widget-sow-editor-base\"\n\t\t\t\n\t\t><h3 class=\"widget-title\">opale blanche dendritique<\/h3>\n<div class=\"siteorigin-widget-tinymce textwidget\">\n\t<p><img loading=\"lazy\" decoding=\"async\" class=\"alignnone  wp-image-1347\" src=\"http:\/\/www.kobido-laure-massages.fr\/wp-content\/uploads\/2020\/07\/IMG_20200413_143731-768x1024.jpg\" alt=\"\" width=\"250\" height=\"333\" srcset=\"https:\/\/www.kobido-laure-massages.fr\/wp-content\/uploads\/2020\/07\/IMG_20200413_143731-768x1024.jpg 768w, https:\/\/www.kobido-laure-massages.fr\/wp-content\/uploads\/2020\/07\/IMG_20200413_143731-225x300.jpg 225w, https:\/\/www.kobido-laure-massages.fr\/wp-content\/uploads\/2020\/07\/IMG_20200413_143731-520x693.jpg 520w, https:\/\/www.kobido-laure-massages.fr\/wp-content\/uploads\/2020\/07\/IMG_20200413_143731-740x987.jpg 740w\" sizes=\"auto, (max-width: 250px) 100vw, 250px\" \/><\/p>\n<\/div>\n<\/div><\/div><\/div><\/div><div id=\"pg-779-2\"  class=\"panel-grid panel-no-style\" ><div id=\"pgc-779-2-0\"  class=\"panel-grid-cell\" ><div id=\"panel-779-2-0-0\" class=\"so-panel widget widget_sow-editor panel-first-child panel-last-child\" data-index=\"7\" ><div\n\t\t\t\n\t\t\tclass=\"so-widget-sow-editor so-widget-sow-editor-base\"\n\t\t\t\n\t\t><h3 class=\"widget-title\">Porter un bijou en Conscience...<\/h3>\n<div class=\"siteorigin-widget-tinymce textwidget\">\n\t<blockquote>\n<blockquote><p>Laure sera ravie de vous faire d\u00e9couvrir ses cr\u00e9ations<\/p>\n<h3><span style=\"color: #035741;\"><strong><em> bijoux en macram\u00e9 et pierres naturelles<\/em><\/strong><\/span><\/h3>\n<\/blockquote>\n<h4><strong>r\u00e9alisations personnalis\u00e9es:<\/strong><\/h4>\n<p>choisissez un mod\u00e8le parmi ceux propos\u00e9s, vos couleurs , vos pierres et je confectionne\u00a0 votre bijou sur mesure.<\/p>\n<p>Egalement \u00e0 votre disposition un conseil en lithoth\u00e9rapie bio\u00e9nerg\u00e9tique (gratuit) avec Laure ou Marc afin de vous aider \u00e0 choisir les pierres qui vous accompagneront au mieux actuellement sur votre chemin de d\u00e9veloppement personnel ou pour vos proches , grand choix de pierres naturelles plates , roul\u00e9es, cristallis\u00e9es, bracelets, pendentifs, \u00e9lixirs...disponibles \u00e0 la boutique de Ch\u00e2tel Guyon o\u00f9 nous serons ravis de vous accueillir!<\/p>\n<blockquote><p><span style=\"color: #cc0489;\"><br \/>\nA consulter absolument chaque mois<\/span><\/p>\n<p><span style=\"color: #cc0489;\"> le<a href=\"http:\/\/s503794628.siteweb-initial.fr\/bulletin-lithoth%C3%A9rapie-bio%C3%A9nerg%C3%A9tique\/\" target=\"_blank\" rel=\"noopener\"><strong> bulletin lithoth\u00e9rapie bio\u00e9nerg\u00e9tique<\/strong><\/a> mensuel de Regina Martino -Rayon Magenta - La Roche M\u00e8re<\/span><\/p><\/blockquote>\n<\/blockquote>\n<h3><\/h3>\n<p>&nbsp;<\/p>\n<blockquote>\n<h3><span style=\"color: #cc0489;\">Ce mois ci (DECEMBRE 2025) la <u>Stichtite\/serpentine<\/u>\u00a0 est <\/span><span style=\"color: #cc0489;\">\u00e0 l'honneur!<\/span><\/h3>\n<p>venez la d\u00e9couvrir \u00e0 la boutique OPALYS , 7 place Brosson \u00e0 Ch\u00e2tel-Guyon!<\/p>\n<p>&nbsp;<\/p><\/blockquote>\n<p>&nbsp;<\/p>\n<p>&nbsp;<\/p>\n<\/div>\n<\/div><\/div><\/div><div id=\"pgc-779-2-1\"  class=\"panel-grid-cell\" ><div id=\"panel-779-2-1-0\" class=\"so-panel widget widget_media_image panel-first-child\" data-index=\"8\" ><img loading=\"lazy\" decoding=\"async\" width=\"1000\" height=\"1875\" src=\"https:\/\/www.kobido-laure-massages.fr\/wp-content\/uploads\/2019\/02\/logo-opalys-relief-e1550527673991.jpg\" class=\"image wp-image-850  attachment-full size-full\" alt=\"\" style=\"max-width: 100%; height: auto;\" \/><\/div><div id=\"panel-779-2-1-1\" class=\"so-panel widget widget_sow-editor\" data-index=\"9\" ><div\n\t\t\t\n\t\t\tclass=\"so-widget-sow-editor so-widget-sow-editor-base\"\n\t\t\t\n\t\t>\n<div class=\"siteorigin-widget-tinymce textwidget\">\n\t<\/div>\n<\/div><\/div><div id=\"panel-779-2-1-2\" class=\"so-panel widget widget_media_image panel-last-child\" data-index=\"10\" ><h3 class=\"widget-title\">.<\/h3><img loading=\"lazy\" decoding=\"async\" width=\"169\" height=\"300\" src=\"https:\/\/www.kobido-laure-massages.fr\/wp-content\/uploads\/2019\/02\/DSC01063-169x300.jpg\" class=\"image wp-image-815  attachment-medium size-medium\" alt=\"\" style=\"max-width: 100%; height: auto;\" srcset=\"https:\/\/www.kobido-laure-massages.fr\/wp-content\/uploads\/2019\/02\/DSC01063-169x300.jpg 169w, https:\/\/www.kobido-laure-massages.fr\/wp-content\/uploads\/2019\/02\/DSC01063-768x1363.jpg 768w, https:\/\/www.kobido-laure-massages.fr\/wp-content\/uploads\/2019\/02\/DSC01063-577x1024.jpg 577w, https:\/\/www.kobido-laure-massages.fr\/wp-content\/uploads\/2019\/02\/DSC01063-520x923.jpg 520w, https:\/\/www.kobido-laure-massages.fr\/wp-content\/uploads\/2019\/02\/DSC01063-740x1313.jpg 740w, https:\/\/www.kobido-laure-massages.fr\/wp-content\/uploads\/2019\/02\/DSC01063-e1550443423673.jpg 600w\" sizes=\"auto, (max-width: 169px) 100vw, 169px\" \/><\/div><\/div><div id=\"pgc-779-2-2\"  class=\"panel-grid-cell\" ><div id=\"panel-779-2-2-0\" class=\"so-panel widget widget_sow-editor panel-first-child\" data-index=\"11\" ><div\n\t\t\t\n\t\t\tclass=\"so-widget-sow-editor so-widget-sow-editor-base\"\n\t\t\t\n\t\t><h3 class=\"widget-title\">Prix des bijoux<\/h3>\n<div class=\"siteorigin-widget-tinymce textwidget\">\n\t<blockquote>\n<p><span style=\"color: #333333;\">de 15\u20ac \u00e0 160\u20ac<\/span><\/p>\n<\/blockquote>\n<p>boucles d'oreilles, pendentifs, ras de cou, bracelets, bagues...<\/p>\n<p>les pierres des pendentifs sont uniques, je ne pourrai donc pas r\u00e9aliser deux mod\u00e8les \u00e0 l'identique!<\/p>\n<\/div>\n<\/div><\/div><div id=\"panel-779-2-2-1\" class=\"so-panel widget widget_media_image\" data-index=\"12\" ><img loading=\"lazy\" decoding=\"async\" width=\"300\" height=\"211\" src=\"https:\/\/www.kobido-laure-massages.fr\/wp-content\/uploads\/2019\/02\/DSC00875-1-e1550528047986-300x211.jpg\" class=\"image wp-image-851  attachment-medium size-medium\" alt=\"\" style=\"max-width: 100%; height: auto;\" srcset=\"https:\/\/www.kobido-laure-massages.fr\/wp-content\/uploads\/2019\/02\/DSC00875-1-e1550528047986-300x211.jpg 300w, https:\/\/www.kobido-laure-massages.fr\/wp-content\/uploads\/2019\/02\/DSC00875-1-e1550528047986-768x541.jpg 768w, https:\/\/www.kobido-laure-massages.fr\/wp-content\/uploads\/2019\/02\/DSC00875-1-e1550528047986-1024x722.jpg 1024w, https:\/\/www.kobido-laure-massages.fr\/wp-content\/uploads\/2019\/02\/DSC00875-1-e1550528047986-520x366.jpg 520w, https:\/\/www.kobido-laure-massages.fr\/wp-content\/uploads\/2019\/02\/DSC00875-1-e1550528047986-740x522.jpg 740w\" sizes=\"auto, (max-width: 300px) 100vw, 300px\" \/><\/div><div id=\"panel-779-2-2-2\" class=\"so-panel widget widget_media_image panel-last-child\" data-index=\"13\" ><img loading=\"lazy\" decoding=\"async\" width=\"200\" height=\"300\" src=\"https:\/\/www.kobido-laure-massages.fr\/wp-content\/uploads\/2019\/02\/DSC00774-200x300.jpg\" class=\"image wp-image-758  attachment-medium size-medium\" alt=\"\" style=\"max-width: 100%; height: auto;\" srcset=\"https:\/\/www.kobido-laure-massages.fr\/wp-content\/uploads\/2019\/02\/DSC00774-200x300.jpg 200w, https:\/\/www.kobido-laure-massages.fr\/wp-content\/uploads\/2019\/02\/DSC00774-768x1152.jpg 768w, https:\/\/www.kobido-laure-massages.fr\/wp-content\/uploads\/2019\/02\/DSC00774-683x1024.jpg 683w, https:\/\/www.kobido-laure-massages.fr\/wp-content\/uploads\/2019\/02\/DSC00774-520x780.jpg 520w, https:\/\/www.kobido-laure-massages.fr\/wp-content\/uploads\/2019\/02\/DSC00774-740x1110.jpg 740w, https:\/\/www.kobido-laure-massages.fr\/wp-content\/uploads\/2019\/02\/DSC00774-e1550443593635.jpg 1000w\" sizes=\"auto, (max-width: 200px) 100vw, 200px\" \/><\/div><\/div><\/div><\/div>","protected":false},"excerpt":{"rendered":"<p>JEUDI : 15h30 &#8211; 19h00\u00a0 VENDREDI : 15h30 &#8211; 19h00\u00a0\u00a0 SAMEDI : 14h &#8211; 19h DIMANCHE : 9h30 &#8211; 12h30<\/p>\n","protected":false},"author":1,"featured_media":0,"parent":0,"menu_order":0,"comment_status":"closed","ping_status":"closed","template":"","meta":{"footnotes":""},"class_list":["post-779","page","type-page","status-publish","hentry"],"aioseo_notices":[],"_links":{"self":[{"href":"https:\/\/www.kobido-laure-massages.fr\/index.php\/wp-json\/wp\/v2\/pages\/779","targetHints":{"allow":["GET"]}}],"collection":[{"href":"https:\/\/www.kobido-laure-massages.fr\/index.php\/wp-json\/wp\/v2\/pages"}],"about":[{"href":"https:\/\/www.kobido-laure-massages.fr\/index.php\/wp-json\/wp\/v2\/types\/page"}],"author":[{"embeddable":true,"href":"https:\/\/www.kobido-laure-massages.fr\/index.php\/wp-json\/wp\/v2\/users\/1"}],"replies":[{"embeddable":true,"href":"https:\/\/www.kobido-laure-massages.fr\/index.php\/wp-json\/wp\/v2\/comments?post=779"}],"version-history":[{"count":82,"href":"https:\/\/www.kobido-laure-massages.fr\/index.php\/wp-json\/wp\/v2\/pages\/779\/revisions"}],"predecessor-version":[{"id":1597,"href":"https:\/\/www.kobido-laure-massages.fr\/index.php\/wp-json\/wp\/v2\/pages\/779\/revisions\/1597"}],"wp:attachment":[{"href":"https:\/\/www.kobido-laure-massages.fr\/index.php\/wp-json\/wp\/v2\/media?parent=779"}],"curies":[{"name":"wp","href":"https:\/\/api.w.org\/{rel}","templated":true}]}}