{"id":973,"date":"2019-04-22T21:51:25","date_gmt":"2019-04-22T19:51:25","guid":{"rendered":"http:\/\/www.kobido-laure-massages.fr\/?page_id=973"},"modified":"2019-04-22T22:38:21","modified_gmt":"2019-04-22T20:38:21","slug":"mentions-legales","status":"publish","type":"page","link":"https:\/\/www.kobido-laure-massages.fr\/index.php\/mentions-legales\/","title":{"rendered":"MENTIONS LEGALES"},"content":{"rendered":"<h3>\u00c9DITEUR DU SITE<\/h3>\n<p><strong>Laure LIOTY<\/strong><br \/>\n23 rue Daubigny<br \/>\n95430 Auvers sur Oise<\/p>\n<p>SIREN : 449 206 572<\/p>\n<h3>Responsable de publication : Laure LIOTY<\/h3>\n<h3>DROITS D\u2019AUTEUR ET PROPRI\u00c9T\u00c9 INTELLECTUELLE :<\/h3>\n<p>Tous les \u00e9crans apparaissant sur le site kobido-laure-massage.fr\u00a0\u00a0y compris les graphismes, textes, images, logos et ic\u00f4nes ainsi que leur mise en forme sont la propri\u00e9t\u00e9 exclusive de\u00a0<strong>Laure Lioty<\/strong>\u00a0et de leurs propri\u00e9taires respectifs.<\/p>\n<p>Tous les autres droits non express\u00e9ment cit\u00e9s ici sont r\u00e9serv\u00e9s. Toute reproduction, distribution, modification, retransmission ou publication de ces \u00e9l\u00e9ments est strictement interdite sans l\u2019accord express par \u00e9crit de\u00a0\u00a0<strong>Laure Lioty<\/strong>.<\/p>\n<p>Copyright \u00a9 2017 \u2013<span class=\"Apple-converted-space\">\u00a0<strong>Laure Lioty<\/strong><\/span><\/p>\n<h3>RESPONSABILIT\u00c9S :<\/h3>\n<div class=\"field-items\">\n<p>Le Site peut contenir des liens vers d\u2019autres sites que nous n\u2019exploitons pas. Nous ne pouvons en aucune mani\u00e8re \u00eatre tenus responsables de la mise \u00e0 disposition de ces liens permettant l\u2019acc\u00e8s \u00e0 ces sites et sources externes, ni de leur contenu, publicit\u00e9s, produits, services ou tout autre mat\u00e9riel disponible sur ou \u00e0 partir de ces sites ou sources externes qui ne sont ni v\u00e9rifi\u00e9s ni approuv\u00e9s par nos \u00e9quipes.<\/p>\n<p><b><strong>Laure Lioty<\/strong>\u00a0<\/b>s\u2019engage \u00e0 assurer ses meilleurs efforts pour offrir des informations actualis\u00e9es et exactes. Elle ne saurait \u00eatre tenue responsable d\u2019erreurs et\/ou d\u2019omissions se rapportant \u00e0 ces informations.<\/p>\n<p><strong>Laure Lioty\u00a0<\/strong>se r\u00e9serve le droit de corriger ces erreurs et\/ou omissions, d\u00e8s qu\u2019elles sont port\u00e9es \u00e0 sa connaissance et, plus g\u00e9n\u00e9ralement, de modifier, \u00e0 tout moment, sans pr\u00e9avis, tout ou partie du Site ainsi que les pr\u00e9sentes, sans que sa responsabilit\u00e9 puisse \u00eatre engag\u00e9e de ce fait.<\/p>\n<p>Le t\u00e9l\u00e9chargement de tous mat\u00e9riels et\/ou documents lors de l\u2019utilisation du Site est de la responsabilit\u00e9 de l\u2019utilisateur qui est seul responsable de tout dommage subi par son \u00e9quipement informatique et\/ou de toutes pertes de donn\u00e9es cons\u00e9cutives y aff\u00e9rent.<\/p>\n<p>Plus g\u00e9n\u00e9ralement,\u00a0<strong>Laure Lioty<\/strong><b>\u00a0<\/b>ne pourra en aucun cas \u00eatre tenue responsable en cas de dommages directs et\/ou indirects r\u00e9sultant de l\u2019utilisation du Site.<\/p>\n<\/div>\n<p>&nbsp;<\/p>\n<h3>DISPONIBILIT\u00c9 DU WEB :<\/h3>\n<p><strong>Laure Lioty<\/strong>\u00a0rappelle qu\u2019il est techniquement impossible d\u2019\u00e9diter un site internet exempt de tous d\u00e9fauts lesquels peuvent conduire \u00e0 l\u2019indisponibilit\u00e9 temporaire du site. De m\u00eame le bon fonctionnement du site peut \u00eatre affect\u00e9 par des \u00e9v\u00e9nements et\/ou des \u00e9l\u00e9ments ext\u00e9rieurs et impr\u00e9visibles tels qu\u2019une panne des moyens de transmission et de communication.<\/p>\n<p><b><strong>Laure Lioty<\/strong>\u00a0<\/b>se r\u00e9serve le droit, \u00e0 tout moment, d\u2019interrompre temporairement ou de fa\u00e7on permanente tout ou partie du Site pour effectuer des op\u00e9rations de maintenance, d\u2019am\u00e9liorations et\/ou des modifications du Site.<\/p>\n<p>&nbsp;<\/p>\n<h3 class=\"field-item even\">H\u00c9BERGEMENT :<\/h3>\n<p>OVH<\/p>\n","protected":false},"excerpt":{"rendered":"<p>\u00c9DITEUR DU SITE Laure LIOTY 23 rue Daubigny 95430 Auvers sur Oise SIREN : 449 206 572 Responsable de publication : Laure LIOTY DROITS D\u2019AUTEUR ET PROPRI\u00c9T\u00c9 INTELLECTUELLE : Tous les \u00e9crans apparaissant sur le<a class=\"read-more\" href=\"https:\/\/www.kobido-laure-massages.fr\/index.php\/mentions-legales\/\">Continue reading<\/a><\/p>\n","protected":false},"author":1,"featured_media":0,"parent":0,"menu_order":0,"comment_status":"closed","ping_status":"closed","template":"","meta":{"footnotes":""},"class_list":["post-973","page","type-page","status-publish","hentry"],"aioseo_notices":[],"_links":{"self":[{"href":"https:\/\/www.kobido-laure-massages.fr\/index.php\/wp-json\/wp\/v2\/pages\/973","targetHints":{"allow":["GET"]}}],"collection":[{"href":"https:\/\/www.kobido-laure-massages.fr\/index.php\/wp-json\/wp\/v2\/pages"}],"about":[{"href":"https:\/\/www.kobido-laure-massages.fr\/index.php\/wp-json\/wp\/v2\/types\/page"}],"author":[{"embeddable":true,"href":"https:\/\/www.kobido-laure-massages.fr\/index.php\/wp-json\/wp\/v2\/users\/1"}],"replies":[{"embeddable":true,"href":"https:\/\/www.kobido-laure-massages.fr\/index.php\/wp-json\/wp\/v2\/comments?post=973"}],"version-history":[{"count":5,"href":"https:\/\/www.kobido-laure-massages.fr\/index.php\/wp-json\/wp\/v2\/pages\/973\/revisions"}],"predecessor-version":[{"id":978,"href":"https:\/\/www.kobido-laure-massages.fr\/index.php\/wp-json\/wp\/v2\/pages\/973\/revisions\/978"}],"wp:attachment":[{"href":"https:\/\/www.kobido-laure-massages.fr\/index.php\/wp-json\/wp\/v2\/media?parent=973"}],"curies":[{"name":"wp","href":"https:\/\/api.w.org\/{rel}","templated":true}]}}